est common factor of 6 and p.
6
Let o = 10 - 4. Suppose -96 = 3*q - o*q. What is the highest common factor of 16 and q?
16
Suppose 0 = j - 3*g + 138, -j + 5*g = 64 + 78. Let d be j/(-6)*54/4. Calculate the greatest common factor of d and 33.
33
Let q = -2 - -4. Let r be q/(1/(-1 + 7)). Calculate the greatest common factor of 24 and r.
12
Suppose 152 = 2*f - 4*i, f - 67 = -7*i + 6*i. What is the greatest common divisor of f and 28?
14
Let b(i) = i**2 - 3*i + 1. Let w be b(6). Let k = w + -8. Let c(g) = -10*g - 5. Let v be c(-6). Calculate the greatest common factor of v and k.
11
Suppose 2*p + 5 = 5*l, p + 3*l + 59 = -4*p. Let d = 115 - p. Suppose 2*c + 2*x - 3*x = 47, -3*c - 3*x + 84 = 0. Calculate the highest common divisor of d and c.
25
Let x(n) = 2*n - 4. Let z be x(5). Suppose -f + z = -0*f. What is the highest common divisor of f and 42?
6
Let s = -4 - -5. Suppose -y = -7 + s. Calculate the highest common divisor of 18 and y.
6
Let u(v) = v - 9. Let r be u(13). Calculate the highest common factor of 4 and r.
4
Let q(n) = 2*n**2 - 4*n - 64. Let b be q(-10). Calculate the greatest common factor of 22 and b.
22
Suppose 0 = 5*h - 89 - 91. Suppose -5*r = 0, -216 = 4*n - 8*n - 3*r. What is the highest common divisor of h and n?
18
Let w(v) be the second derivative of -v**4/12 + v**3/6 + v**2 + 5*v. Let g be w(0). What is the greatest common factor of g and 3?
1
Let b be 2090/20 + 2/4. Calculate the greatest common divisor of b and 15.
15
Suppose -2*u - 61 = -5*h, 0*u + 3*u + 80 = -4*h. Let m be 12*(-3 - u/8). What is the greatest common divisor of m and 12?
6
Let b be ((-18)/(-27))/(2/15). Suppose -38 = -3*m - b. Calculate the greatest common divisor of m and 11.
11
Let z = -21 - -49. What is the greatest common divisor of z and 4?
4
Suppose 91 - 11 = 4*v. Calculate the greatest common factor of v and 5.
5
Let i be -1*2*(-12)/12. Let b be (88/2)/i - 2. What is the highest common factor of b and 5?
5
Let g = 308 + -164. What is the highest common divisor of 16 and g?
16
Suppose 5*g - 238 = -68. Let y(a) = -a**2 + 51. Let n be y(0). Calculate the highest common factor of n and g.
17
Let x(r) = r**2 - 5*r - 6. Let q be x(7). What is the greatest common divisor of q and 16?
8
Let s(i) = 6*i**3 + 9*i**2 - 6*i + 2. Let h be s(4). Calculate the greatest common factor of 46 and h.
46
Let t = -67 - -98. Suppose 4*q + 175 = t. Let k = -26 - q. What is the greatest common factor of k and 110?
10
Suppose 223*o = 226*o - 30. What is the highest common divisor of o and 10?
10
Suppose -t + 24 = 3*t. Let a(z) = z**3 - 7*z**2 + 8*z - 4. Let x be a(t). What is the highest common divisor of x and 12?
4
Suppose 0 = m + 2*j - 9, -2*m - 5*j = -26 + 5. Suppose 0 = -o + m*o - 30. What is the greatest common divisor of o and 15?
15
Let x(o) = o**2 - 10*o + 1. Let d be x(12). Calculate the greatest common factor of 5 and d.
5
Let j be (-2)/5 - (-126)/(-35). Let o be 224 - ((-12)/j - 4). Calculate the highest common divisor of o and 25.
25
Let a be (1 - -6)/(3/(-12)). Let j be (-16)/14*a/8. Calculate the highest common factor of j and 12.
4
Let v(x) = -2*x - 3. Let n be v(-9). Suppose 4*t - 3*f - 2 = -50, 0 = 2*t - f + 26. Let c = t + 180. What is the greatest common divisor of c and n?
15
Let x = 1 + 3. Calculate the greatest common divisor of 8 and x.
4
Suppose 3*i + 2*i + z = 18, -i + z = 0. Suppose 2*y + c = -c - 6, -i*c = 9. Let p be 3/((1 - 0) + y). What is the greatest common factor of 24 and p?
3
Let o(w) = 2*w**2 - 19*w + 13. Let f(x) = -x**2 + 9*x - 6. Let l(q) = -13*f(q) - 6*o(q). Let n be l(8). What is the greatest common divisor of n and 60?
20
Suppose 547 + 803 = 5*m. What is the highest common factor of 30 and m?
30
Let r(s) = -2*s + 29. Let j be r(12). Suppose o - 40 = -o - j*z, 0 = 2*z - 8. What is the greatest common divisor of 4 and o?
2
Suppose 4*w = -f + 32, 2*w - 85 = -5*f + 7*w. What is the greatest common factor of 4 and f?
4
Let b(q) = 3*q**3 - 3*q**2 + q - 2. Let f be b(3). Let v = -25 + f. What is the greatest common factor of v and 10?
10
Let o = 2 + -2. Suppose o - 2 = -2*d. Let w be (9 - 2)/d + 1. Calculate the highest common factor of 40 and w.
8
Let g(i) = -i**2 + 9*i - 9. Let t be g(7). Let b be 52/t - (-4)/(-10). What is the greatest common divisor of 90 and b?
10
Suppose s + f = -5, 4*s = -2*f - 11 - 7. Let z be s/(-18) - (-7)/9. What is the greatest common divisor of 3 and z?
1
Let i be 1/2 + 49/(-14). Let s be ((-66)/4)/(i/8). Calculate the highest common factor of 22 and s.
22
Suppose -2*s - 3*s + 187 = -3*w, -2*s = -2*w - 122. Let a = w - -82. What is the highest common divisor of 69 and a?
23
Suppose -21 = -x + 5*v, -4*v + 0*v = 5*x - 18. Let a(m) = m**2 - 4*m - 1. Let o be a(x). What is the highest common factor of o and 121?
11
Let k = -22 + 46. Let f = -97 + 45. Let a = 112 + f. What is the highest common divisor of a and k?
12
Suppose -2*z = -2*w - 6, 3*z + 2*z - 65 = -5*w. What is the highest common factor of z and 64?
8
Suppose 16*z - 12*z = 24. What is the greatest common factor of z and 15?
3
Suppose 0 = -2*k + 3*f + 4 + 3, -2*f - 2 = 0. Suppose 0 = -2*l - k*l + 660. What is the greatest common divisor of 15 and l?
15
Suppose -2*x + 0*x + 10 = 0. Let k(d) = -20*d**3 - 2*d**2 + 2. Let a be k(-1). Calculate the greatest common factor of x and a.
5
Let w be (2 - 5/(-2))*-2. Let x = -6 - w. What is the highest common divisor of x and 33?
3
Let f(l) = 12 - 4*l + 22*l**2 - l**3 + 3*l - 39*l**2. Let n be f(-17). What is the greatest common divisor of n and 87?
29
Suppose -h + 69 + 187 = 0. Calculate the highest common divisor of h and 32.
32
Suppose -5*r - 5 = y, y = -4*y - r + 23. Calculate the greatest common divisor of 35 and y.
5
Let o(n) = n**3 + 5*n**2 + n + 2. Suppose 0 = y + 3*j - 6, -j + 6 = 5*y + 2*j. Let r = y + -4. Let x be o(r). What is the greatest common divisor of x and 21?
7
Let n(q) = -q + 48. Suppose 0 = -5*p + 9 + 21. Let w = p + -6. Let g be n(w). Calculate the greatest common divisor of 12 and g.
12
Let x(h) = -h**3 + 5*h**2 + 4*h + 1. Let k be x(5). Suppose -2*r - 37 = 3*f, 2*f + r = -0*f - 25. Let p = k + f. What is the highest common factor of p and 72?
8
Let d = 2 - -28. What is the highest common divisor of d and 6?
6
Let m(f) = 2*f**2 - 11*f - 6. Let s be m(8). Suppose -5*i + 10 = -5*v, -s = -5*i - 3*v - 0*v. What is the greatest common divisor of i and 10?
5
Let z = -42 - -45. Calculate the highest common factor of z and 33.
3
Let h be 160*(-3)/(15/(-4)). Suppose -3*g + 4*g = -5*k + 154, 2*g = -4*k + h. What is the highest common factor of k and 15?
15
Let b(g) = 12*g + 8. Let m be b(7). Let o(x) = 0 + 3*x - 4 + 4 - 4. Let a be o(9). Calculate the highest common factor of m and a.
23
Let b(v) = -v**2 + 2. Let t be b(0). Suppose -g = -3, -4*f - 13 = g - 0. Let j be (t + -1)/(f/(-28)). Calculate the highest common divisor of j and 7.
7
Suppose -4*r + u + 19 = -10, 25 = -5*u. Let v be (r/(-5))/((-9)/495). What is the greatest common factor of v and 6?
6
Let w(g) = -g**2 - 8*g + 4. Let x be w(-8). Calculate the greatest common factor of 6 and x.
2
Suppose -32 = -5*h - g - 12, 3*g = h + 12. Suppose 0 = -2*t - 128 + 8. Let y = -36 - t. Calculate the greatest common divisor of h and y.
3
Suppose -13 = -x - 3*k + 19, -k + 5 = 0. What is the highest common divisor of 102 and x?
17
Suppose 3*f - 4 + 13 = 0, -4*j + 4*f = -120. Let s = -10 + j. Calculate the highest common divisor of 119 and s.
17
Suppose 5*z - 59 - 121 = 0. Calculate the greatest common divisor of 24 and z.
12
Suppose -15 = -5*y, -3*o + 2*y = -7*o + 22. Let u = 13 - o. What is the highest common divisor of 99 and u?
9
Let q be 25*(-17 + 3)/2. Suppose -985 = 4*h + j, -4*h - 1022 = -2*j - 28. Let k = q - h. Calculate the highest common divisor of k and 9.
9
Let i(z) = z**2 + 3*z + 4. Let t be i(-3). What is the greatest common divisor of 4 and t?
4
Suppose 3*b + 0*b - 15 = 0. Let t(w) = -6*w - 1. Let z be t(-1). Suppose -4*v = -9*v, -4*v - 150 = -z*g. What is the greatest common divisor of b and g?
5
Let q = 152 + -59. Let x = q + 26. What is the highest common factor of 17 and x?
17
Suppose -5*q + 5*m + 81 = 3*m, -2*q = -4*m - 42. Let b be -1*2 + (-14)/2. Let i be 12 + b/(-3) - 0. What is the highest common factor of i and q?
15
Suppose 64 =